lculate the highest common factor of 133 and 7.
7
Calculate the highest common factor of 513 and 108.
27
Calculate the greatest common divisor of 61 and 122.
61
What is the greatest common divisor of 185 and 20?
5
What is the highest common factor of 38 and 5377?
19
Calculate the greatest common divisor of 65 and 91.
13
Calculate the highest common factor of 6204 and 141.
141
Calculate the highest common factor of 18817 and 31.
31
What is the greatest common factor of 11 and 3?
1
Calculate the greatest common factor of 81 and 6021.
27
What is the greatest common factor of 231 and 9513?
21
Calculate the highest common factor of 22748 and 121.
121
What is the greatest common divisor of 1 and 991?
1
Calculate the highest common factor of 161 and 4738.
23
Calculate the greatest common divisor of 3760 and 40.
40
What is the greatest common factor of 17 and 799?
17
What is the highest common divisor of 60 and 200?
20
What is the greatest common divisor of 8595 and 45?
45
What is the highest common factor of 3152 and 16?
16
What is the greatest common factor of 74 and 666?
74
What is the highest common divisor of 8 and 4232?
8
What is the highest common divisor of 13 and 91?
13
Calculate the highest common factor of 3 and 15123.
3
What is the highest common divisor of 2646 and 490?
98
Calculate the highest common divisor of 542 and 2.
2
What is the highest common divisor of 555 and 375?
15
Calculate the greatest common factor of 5112 and 144.
72
Calculate the greatest common factor of 627 and 66.
33
What is the highest common divisor of 128 and 64?
64
What is the greatest common divisor of 155 and 15?
5
Calculate the greatest common divisor of 16 and 36.
4
What is the highest common factor of 880 and 80?
80
What is the greatest common factor of 33 and 55?
11
What is the highest common divisor of 98 and 3038?
98
Calculate the greatest common divisor of 64 and 136.
8
What is the highest common factor of 294 and 168?
42
What is the greatest common divisor of 15 and 2085?
15
Calculate the highest common factor of 42 and 1302.
42
What is the highest common factor of 4 and 243?
1
Calculate the highest common factor of 196 and 98.
98
Calculate the greatest common factor of 1256 and 4082.
314
What is the highest common factor of 3266 and 142?
142
Calculate the greatest common divisor of 2240 and 14.
14
Calculate the highest common factor of 129 and 3.
3
What is the greatest common factor of 658 and 14?
14
What is the highest common divisor of 13 and 10?
1
Calculate the highest common divisor of 10 and 38.
2
Calculate the highest common factor of 357 and 119.
119
What is the highest common divisor of 240 and 528?
48
Calculate the greatest common factor of 3752 and 67.
67
Calculate the highest common divisor of 316 and 1343.
79
What is the greatest common factor of 272 and 160?
16
What is the greatest common factor of 30 and 110?
10
Calculate the highest common divisor of 85 and 5.
5
What is the highest common factor of 777 and 518?
259
What is the greatest common divisor of 8122 and 786?
262
What is the highest common factor of 5 and 985?
5
What is the highest common factor of 57 and 152?
19
What is the greatest common divisor of 153 and 204?
51
Calculate the highest common divisor of 7 and 133.
7
What is the greatest common divisor of 693 and 63?
63
What is the highest common factor of 7252 and 98?
98
Calculate the greatest common divisor of 46 and 8441.
23
Calculate the greatest common factor of 5565 and 210.
105
Calculate the highest common factor of 1701 and 9.
9
What is the greatest common divisor of 112 and 140?
28
Calculate the highest common factor of 2247 and 42.
21
Calculate the highest common divisor of 54 and 63.
9
Calculate the greatest common factor of 171 and 76.
19
What is the greatest common factor of 27 and 216?
27
What is the highest common divisor of 136 and 3876?
68
What is the highest common factor of 726 and 6?
6
What is the greatest common factor of 8 and 8112?
8
Calculate the highest common divisor of 7 and 14.
7
What is the highest common factor of 1377 and 81?
81
What is the highest common divisor of 9 and 567?
9
What is the highest common divisor of 32 and 224?
32
What is the highest common factor of 258 and 6?
6
What is the highest common divisor of 144 and 360?
72
Calculate the highest common divisor of 7 and 623.
7
Calculate the highest common factor of 1156 and 272.
68
What is the highest common divisor of 2241 and 1992?
249
Calculate the highest common factor of 108 and 270.
54
Calculate the greatest common factor of 5069 and 111.
37
Calculate the highest common factor of 143 and 1199.
11
Calculate the greatest common divisor of 5 and 185.
5
What is the highest common factor of 74 and 74?
74
What is the highest common divisor of 50 and 25?
25
What is the greatest common factor of 330 and 10410?
30
What is the highest common factor of 343 and 14?
7
What is the greatest common factor of 229 and 1?
1
Calculate the greatest common factor of 63 and 36.
9
What is the highest common factor of 342 and 26904?
114
Calculate the greatest common factor of 8 and 72.
8
What is the greatest common divisor of 377 and 26?
13
What is the greatest common divisor of 1742 and 13?
13
What is the greatest common factor of 143 and 273?
13
What is the highest common factor of 936 and 120?
24
What is the highest common factor of 126 and 721?
7
What is the highest common divisor of 177 and 3?
3
Calculate the greatest common factor of 24 and 2696.
8
What is the greatest common factor of 354 and 1652?
118
What is the highest common divisor of 10707 and 129?
129
Calculate the greatest common factor of 380 and 2090.
190
Calculate the highest common factor of 275 and 55.
55
What is the highest common divisor of 224 and 1232?
112
Calculate the highest common divisor of 1298 and 44.
22
Calculate the highest common factor of 35 and 196.
7
Calculate the greatest common divisor of 380 and 60.
20
Calculate the highest common factor of 33 and 44.
11
What is the greatest common divisor of 36 and 84?
12
Calculate the highest common factor of 248 and 2666.
62
What is the highest common divisor of 13 and 52?
13
What is the highest common factor of 180 and 996?
12
Calculate the greatest common divisor of 11236 and 53.
53
What is the highest common divisor of 882 and 756?
126
Calculate the highest common factor of 231 and 57.
3
Calculate the highest common divisor of 164 and 287.
41
Calculate the greatest common factor of 7718 and 34.
34
What is the highest common factor of 8 and 11?
1
Calculate the greatest common divisor of 232 and 16.
8
Calculate the greatest common factor of 864 and 32.
32
What is the greatest common divisor of 129 and 3?
3
Calculate the greatest common factor of 11730 and 5100.
510
Calculate the greatest common divisor of 40 and 208.
8
What is the highest common factor of 1806 and 66?
6
What is the greatest common factor of 52 and 92?
4
What is the greatest common divisor of 513 and 27?
27
Calculate the highest common divisor of 70 and 50.
10
What is the greatest common divisor of 114 and 10602?
114
Calculate the greatest common divisor of 4394 and 13.
13
What is the highest common factor of 8 and 446?
2
What is the greatest common factor of 57 and 7125?
57
What is the highest common divisor of 3834 and 432?
54
Calculate the greatest common factor of 69 and 7199.
23
What is the highest common factor of 370 and 74?
74
Calculate the greatest common divisor of 42 and 18.
6
Calculate the greatest common factor of 31 and 1.
1
Calculate the greatest common divisor of 6060 and 60.
60
Calculate the highest common divisor of 90 and 4890.
30
What is the highest common divisor of 144 and 208?
16
What is the greatest common factor of 2725 and 15?
5
Calculate the greatest common factor of 516 and 18748.
172
Calculate the highest common factor of 198 and 954.
18
What is the highest common factor of 301 and 7?
7
What is the greatest common factor of 290 and 1510?
10
What is the greatest common divisor of 7359 and 33?
33
Calculate the highest common factor of 315 and 45.
45
Calculate the greatest common divisor of 21 and 84.
21
Calculate the greatest common factor of 318 and 11554.
106
What is the highest common factor of 28 and 406?
14
Calculate the highest c